{"id":134,"date":"2015-03-10T10:42:08","date_gmt":"2015-03-10T09:42:08","guid":{"rendered":"http:\/\/172.16.20.178\/?page_id=134"},"modified":"2015-04-05T15:45:03","modified_gmt":"2015-04-05T15:45:03","slug":"redasys","status":"publish","type":"page","link":"https:\/\/www.es-manebach.de\/?page_id=134","title":{"rendered":"RedaSys"},"content":{"rendered":"<p><strong>&#8211;RedaSys &#8211; das cloud-basierte Redaktionssystem<\/strong><\/p>\n<p>RedaSys ist ein Cloud-gest\u00fctzter Service, der f\u00fcr das Management eines TV-Senders oder eines ganzen Netzwerks von Informationskan\u00e4len in Anspruch genommen werden kann. Die Arbeitsumgebung l\u00e4uft in allen g\u00e4ngigen Internet-Browsern, wie z.B. Firefox, Safari, Chrome oder Internet-Explorer. RedaSys ist damit unabh\u00e4ngig von den Betriebssystemen der Bedien-PCs.<\/p>\n<p>Das Redaktionssystem wurde f\u00fcr die speziellen Anforderungen in lokalen TV-Sendern entwickelt. Typische Abl\u00e4ufe sind im System abgebildet und automatisiert. Dem Sendesignal zugeh\u00f6rige Informationen wie Teletext und EPG k\u00f6nnen generiert oder automatisch erzeugt werden. Die Konvertierung bereitgestellter Daten sowie deren Verteilung auf angeschlossene &#8211; gegebenenfalls auch unterschiedlich konfigurierte &#8211; Player erfolgt automatisch, entsprechend der Einstellungen.<\/p>\n<div id=\"attachment_378\" style=\"width: 447px\" class=\"wp-caption aligncenter\"><a href=\"http:\/\/homepage.es-manebach.de\/wp-content\/uploads\/2015\/03\/Beitragsmodul.jpg\"><img aria-describedby=\"caption-attachment-378\" decoding=\"async\" loading=\"lazy\" class=\"wp-image-378 \" src=\"http:\/\/homepage.es-manebach.de\/wp-content\/uploads\/2015\/03\/Beitragsmodul-300x210.jpg\" alt=\"Beitragsmodul\" width=\"437\" height=\"306\" srcset=\"https:\/\/www.es-manebach.de\/wp-content\/uploads\/2015\/03\/Beitragsmodul-300x210.jpg 300w, https:\/\/www.es-manebach.de\/wp-content\/uploads\/2015\/03\/Beitragsmodul-100x70.jpg 100w, https:\/\/www.es-manebach.de\/wp-content\/uploads\/2015\/03\/Beitragsmodul-150x105.jpg 150w, https:\/\/www.es-manebach.de\/wp-content\/uploads\/2015\/03\/Beitragsmodul-200x140.jpg 200w, https:\/\/www.es-manebach.de\/wp-content\/uploads\/2015\/03\/Beitragsmodul-450x315.jpg 450w, https:\/\/www.es-manebach.de\/wp-content\/uploads\/2015\/03\/Beitragsmodul-600x420.jpg 600w, https:\/\/www.es-manebach.de\/wp-content\/uploads\/2015\/03\/Beitragsmodul.jpg 873w\" sizes=\"(max-width: 437px) 100vw, 437px\" \/><\/a><p id=\"caption-attachment-378\" class=\"wp-caption-text\">RedaSys Beitrags- und Archiv-Verwaltung<\/p><\/div>\n<p>&nbsp;<\/p>\n<p>RedaSys erm\u00f6glicht durch die integrierte Nutzerverwaltung sowohl Arbeitsplanung als auch System\u00fcberwachung. Vom &#8222;Chef vom Dienst&#8220; erstellte Sendungen und Beitr\u00e4ge k\u00f6nnen Redakteuren als Arbeitsauftrag zugewiesen werden, mithilfe der Metadaten lassen sich notwendige Zusatzinformationen \u00fcbergeben und\/oder archivieren.<\/p>\n<p><strong>RedaSys\u00a0Funktionen<\/strong><br \/>\n-Nutzerverwaltung<br \/>\n-Beitragsverwaltung mit Archiv<br \/>\n-Sendungseditor<br \/>\n-Endlosschleife<br \/>\n-Sendeplanung (Endlosscheife, Termin- und Wochenplanung)<br \/>\n-Automatische Datenkonvertierung<br \/>\n-Automatische Playerverwaltung<br \/>\n-Einbindung virtueller Player (z.B. YouTube)<\/p>\n","protected":false},"excerpt":{"rendered":"<p>&#8211;RedaSys &#8211; das cloud-basierte Redaktionssystem RedaSys ist ein Cloud-gest\u00fctzter Service, der f\u00fcr das Management eines TV-Senders oder eines ganzen Netzwerks von Informationskan\u00e4len in Anspruch genommen werden kann. Die Arbeitsumgebung l\u00e4uft in allen g\u00e4ngigen Internet-Browsern, wie z.B. Firefox, Safari, Chrome oder<span class=\"ellipsis\">&hellip;<\/span><\/p>\n<div class=\"read-more\"><a href=\"https:\/\/www.es-manebach.de\/?page_id=134\">Weiterlesen \u203a<\/a><\/div>\n<p><!-- end of .read-more --><\/p>\n","protected":false},"author":2,"featured_media":0,"parent":123,"menu_order":0,"comment_status":"closed","ping_status":"closed","template":"","meta":[],"_links":{"self":[{"href":"https:\/\/www.es-manebach.de\/index.php?rest_route=\/wp\/v2\/pages\/134"}],"collection":[{"href":"https:\/\/www.es-manebach.de\/index.php?rest_route=\/wp\/v2\/pages"}],"about":[{"href":"https:\/\/www.es-manebach.de\/index.php?rest_route=\/wp\/v2\/types\/page"}],"author":[{"embeddable":true,"href":"https:\/\/www.es-manebach.de\/index.php?rest_route=\/wp\/v2\/users\/2"}],"replies":[{"embeddable":true,"href":"https:\/\/www.es-manebach.de\/index.php?rest_route=%2Fwp%2Fv2%2Fcomments&post=134"}],"version-history":[{"count":6,"href":"https:\/\/www.es-manebach.de\/index.php?rest_route=\/wp\/v2\/pages\/134\/revisions"}],"predecessor-version":[{"id":479,"href":"https:\/\/www.es-manebach.de\/index.php?rest_route=\/wp\/v2\/pages\/134\/revisions\/479"}],"up":[{"embeddable":true,"href":"https:\/\/www.es-manebach.de\/index.php?rest_route=\/wp\/v2\/pages\/123"}],"wp:attachment":[{"href":"https:\/\/www.es-manebach.de\/index.php?rest_route=%2Fwp%2Fv2%2Fmedia&parent=134"}],"curies":[{"name":"wp","href":"https:\/\/api.w.org\/{rel}","templated":true}]}}