{"id":491,"date":"2015-04-06T07:57:05","date_gmt":"2015-04-06T05:57:05","guid":{"rendered":"http:\/\/homepage.es-manebach.de\/?page_id=491"},"modified":"2022-01-26T10:21:28","modified_gmt":"2022-01-26T09:21:28","slug":"services","status":"publish","type":"page","link":"https:\/\/www.es-manebach.de\/?page_id=491","title":{"rendered":"Services"},"content":{"rendered":"<h3><span style=\"color: #ff0000;\">Meltdown &amp; Spectre Sicherheitsproblem bei Prozessoren<\/span><\/h3>\n<p>e&amp;s Playouts sind nicht betroffen!<\/p>\n<p>Die Funktionalit\u00e4t und Logik unserer Hardwareplayer basiert auf Mikroprozessoren und programmierbarer Logik. AMD, x86 oder anderen INTEL-Prozessoren kommen nicht zum Einsatz! Die aufgezeigten Schwachstelle haben deshalb f\u00fcr unsere Technik keine Relevanz.<\/p>\n<h3><strong><a href=\"http:\/\/www.vitex.tv\/hbbtv_config.html\">HbbTV Konfigurator<\/a><\/strong><\/h3>\n<h3><a href=\"http:\/\/homepage.es-manebach.de\/wp-content\/uploads\/2015\/04\/HbbTV_preview_small.jpg\"><img decoding=\"async\" loading=\"lazy\" class=\"alignright wp-image-494 size-medium\" src=\"http:\/\/homepage.es-manebach.de\/wp-content\/uploads\/2015\/04\/HbbTV_preview_small-300x188.jpg\" alt=\"HbbTV_preview_small\" width=\"300\" height=\"188\" srcset=\"https:\/\/www.es-manebach.de\/wp-content\/uploads\/2015\/04\/HbbTV_preview_small-300x188.jpg 300w, https:\/\/www.es-manebach.de\/wp-content\/uploads\/2015\/04\/HbbTV_preview_small-100x63.jpg 100w, https:\/\/www.es-manebach.de\/wp-content\/uploads\/2015\/04\/HbbTV_preview_small-150x94.jpg 150w, https:\/\/www.es-manebach.de\/wp-content\/uploads\/2015\/04\/HbbTV_preview_small-200x125.jpg 200w, https:\/\/www.es-manebach.de\/wp-content\/uploads\/2015\/04\/HbbTV_preview_small.jpg 400w\" sizes=\"(max-width: 300px) 100vw, 300px\" \/><\/a><\/h3>\n<p>Ihr Einstieg in die neue Dimension des Fernsehens<\/p>\n<p>Mit dem HbbTV Konfiguration gestalten Sie in einfachster Weise einen HbbTV Begr\u00fc\u00dfungsbildschirm, der den Zuschauern mit HbbTV Empf\u00e4ngern \u00a0\u00fcber die Rote Taste (RED Button) bereitgestellt wird.<\/p>\n<h3><strong><a href=\"http:\/\/converter.redasys.info\">RedaSys Konverter<\/a><\/strong><\/h3>\n<p>Falls Sie mit unserer \u00a0Basissoftware <a title=\"ViTex-Sendeplan\" href=\"http:\/\/homepage.es-manebach.de\/?page_id=131\"><strong>ViTex-Sendeplan<\/strong><\/a> arbeiten und Ihre Video-Schnittsoftware keine DVB-gerechten Dateien erzeugen kann, unterst\u00fctzen wir Ihre redaktionelle Arbeit mit unserem On-Line Konverter.\u00a0Dieser Service wandelt bereitgestellte Videodateien in ein DVB-konformes Format und stellt sie f\u00fcr die weitere Verarbeitung mit der \u00a0ViTex-Sendeplan Bediensoftware bereit.<\/p>\n<p>In der On-Line Bediensoftware <a title=\"RedaSys\" href=\"http:\/\/homepage.es-manebach.de\/?page_id=134\"><strong>RedaSys<\/strong><\/a> ist diese Funktion mit vollautomatischem Ger\u00e4te-Abgleich integriert. D.h. die f\u00fcr die Sendungen bereitgestellten Videodateien kommen immer im richtigen Sendeformat auf dem INKA-Playout an.<\/p>\n","protected":false},"excerpt":{"rendered":"<p>Meltdown &amp; Spectre Sicherheitsproblem bei Prozessoren e&amp;s Playouts sind nicht betroffen! Die Funktionalit\u00e4t und Logik unserer Hardwareplayer basiert auf Mikroprozessoren und programmierbarer Logik. AMD, x86 oder anderen INTEL-Prozessoren kommen nicht zum Einsatz! Die aufgezeigten Schwachstelle haben deshalb f\u00fcr unsere Technik<span class=\"ellipsis\">&hellip;<\/span><\/p>\n<div class=\"read-more\"><a href=\"https:\/\/www.es-manebach.de\/?page_id=491\">Weiterlesen \u203a<\/a><\/div>\n<p><!-- end of .read-more --><\/p>\n","protected":false},"author":1,"featured_media":0,"parent":0,"menu_order":0,"comment_status":"closed","ping_status":"closed","template":"","meta":[],"_links":{"self":[{"href":"https:\/\/www.es-manebach.de\/index.php?rest_route=\/wp\/v2\/pages\/491"}],"collection":[{"href":"https:\/\/www.es-manebach.de\/index.php?rest_route=\/wp\/v2\/pages"}],"about":[{"href":"https:\/\/www.es-manebach.de\/index.php?rest_route=\/wp\/v2\/types\/page"}],"author":[{"embeddable":true,"href":"https:\/\/www.es-manebach.de\/index.php?rest_route=\/wp\/v2\/users\/1"}],"replies":[{"embeddable":true,"href":"https:\/\/www.es-manebach.de\/index.php?rest_route=%2Fwp%2Fv2%2Fcomments&post=491"}],"version-history":[{"count":15,"href":"https:\/\/www.es-manebach.de\/index.php?rest_route=\/wp\/v2\/pages\/491\/revisions"}],"predecessor-version":[{"id":882,"href":"https:\/\/www.es-manebach.de\/index.php?rest_route=\/wp\/v2\/pages\/491\/revisions\/882"}],"wp:attachment":[{"href":"https:\/\/www.es-manebach.de\/index.php?rest_route=%2Fwp%2Fv2%2Fmedia&parent=491"}],"curies":[{"name":"wp","href":"https:\/\/api.w.org\/{rel}","templated":true}]}}